{"id":6,"date":"2024-04-11T12:10:12","date_gmt":"2024-04-11T10:10:12","guid":{"rendered":"https:\/\/byvallentin.wordpress.com\/home-2\/"},"modified":"2024-04-11T12:10:12","modified_gmt":"2024-04-11T10:10:12","slug":"kunst-og-groenne-og-groenne-ideer","status":"publish","type":"page","link":"https:\/\/byvallentin.com\/","title":{"rendered":"Home"},"content":{"rendered":"\n<div class=\"wp-block-group alignfull\" style=\"padding-top:0px;padding-bottom:0px\"><div class=\"wp-block-group__inner-container is-layout-flow wp-block-group-is-layout-flow\">\n<figure class=\"wp-block-image alignfull size-large\"><img decoding=\"async\" src=\"https:\/\/byvallentin.files.wordpress.com\/2023\/01\/dallc2b7e-2022-09-19-02.11.14-forever-young-as-bob-dylan-said-it-edited.png\" alt=\"\" class=\"wp-image-229\"\/><figcaption class=\"wp-element-caption\">Er mit lille univers, hvor jeg maler, indretter, syr, gror, upcycler og s\u00f8rger for at give en god atmosf\u00e6re for mine overnattende g\u00e6ster.<\/figcaption><\/figure>\n<\/div><\/div>\n\n\n\n<div class=\"wp-block-group alignwide\" style=\"padding-top:8vh;padding-bottom:8vh\"><div class=\"wp-block-group__inner-container is-layout-flow wp-block-group-is-layout-flow\">\n<div class=\"wp-block-columns alignwide is-layout-flex wp-container-core-columns-is-layout-88c107d0 wp-block-columns-is-layout-flex\">\n<div class=\"wp-block-column is-layout-flow wp-block-column-is-layout-flow\">\n<h4 class=\"wp-block-heading has-text-align-left\">Kunst du selv kan printe i lige den st\u00f8rrelse du vil have<\/h4>\n<\/div>\n\n\n\n<div class=\"wp-block-column is-layout-flow wp-block-column-is-layout-flow\"><\/div>\n<\/div>\n\n\n\n<div class=\"wp-block-media-text alignwide is-stacked-on-mobile\" style=\"grid-template-columns:72% auto\"><figure class=\"wp-block-media-text__media\"><img decoding=\"async\" src=\"https:\/\/byvallentin.files.wordpress.com\/2022\/12\/puma-i-isen.jpg?w=847\" alt=\"\" class=\"wp-image-55 size-full\"\/><\/figure><div class=\"wp-block-media-text__content\">\n<h2 class=\"wp-block-heading\">Galleri<\/h2>\n\n\n\n<p>Her kan du se og k\u00f8be mine billeder som NFT<\/p>\n\n\n\n<div class=\"wp-block-buttons is-layout-flex wp-block-buttons-is-layout-flex\">\n<div class=\"wp-block-button has-custom-width wp-block-button__width-100 has-custom-font-size is-style-fill has-medium-font-size\"><a class=\"wp-block-button__link has-base-color has-luminous-vivid-orange-background-color has-text-color has-background wp-element-button\" href=\"https:\/\/opensea.io\/ByVallentin\" style=\"border-radius:55px;padding-top:0;padding-right:0;padding-bottom:0;padding-left:0\" target=\"_blank\" rel=\"noreferrer noopener\">Se og k\u00f8b her<\/a><\/div>\n<\/div>\n\n\n\n<h2 class=\"wp-block-heading\">Icecat<\/h2>\n\n\n\n<p>0,8&nbsp;ETH or $973,14<\/p>\n<\/div><\/div>\n<\/div><\/div>\n","protected":false},"excerpt":{"rendered":"<p>Kunst du selv kan printe i lige den st\u00f8rrelse du vil have Galleri Her kan du se og k\u00f8be mine billeder som NFT Icecat 0,8&nbsp;ETH or $973,14<\/p>\n","protected":false},"author":1,"featured_media":0,"parent":0,"menu_order":0,"comment_status":"closed","ping_status":"closed","template":"","meta":{"inline_featured_image":false,"footnotes":""},"class_list":["post-6","page","type-page","status-publish","hentry","entry"],"_links":{"self":[{"href":"https:\/\/byvallentin.com\/index.php\/wp-json\/wp\/v2\/pages\/6","targetHints":{"allow":["GET"]}}],"collection":[{"href":"https:\/\/byvallentin.com\/index.php\/wp-json\/wp\/v2\/pages"}],"about":[{"href":"https:\/\/byvallentin.com\/index.php\/wp-json\/wp\/v2\/types\/page"}],"author":[{"embeddable":true,"href":"https:\/\/byvallentin.com\/index.php\/wp-json\/wp\/v2\/users\/1"}],"replies":[{"embeddable":true,"href":"https:\/\/byvallentin.com\/index.php\/wp-json\/wp\/v2\/comments?post=6"}],"version-history":[{"count":25,"href":"https:\/\/byvallentin.com\/index.php\/wp-json\/wp\/v2\/pages\/6\/revisions"}],"predecessor-version":[{"id":276,"href":"https:\/\/byvallentin.com\/index.php\/wp-json\/wp\/v2\/pages\/6\/revisions\/276"}],"wp:attachment":[{"href":"https:\/\/byvallentin.com\/index.php\/wp-json\/wp\/v2\/media?parent=6"}],"curies":[{"name":"wp","href":"https:\/\/api.w.org\/{rel}","templated":true}]}}